 277. What are the prime factors of t?
3, 31
Suppose 5 = u - 21. Let f be -2 + (-3 - -6) - u. Let c = 41 + f. List the prime factors of c.
2
Let h be 0 - -1 - (0 - -1). Suppose 2*u = -h*u + 10. List the prime factors of u.
5
Let r be ((-288)/42)/((-2)/14). Suppose 4*m = 8 + r. What are the prime factors of m?
2, 7
Let c be -2*(27/(-6) - -3). Suppose 5*i - 19 = c*k, -k - 3 + 5 = 0. Suppose 3*r + 20 = i*d - 0*r, -d - 4*r = -4. What are the prime factors of d?
2
Let j(z) = -2*z**3 - 3*z - 2. Let w be j(-2). Suppose -3*g = g - w. Suppose -g*b - i + 1 = -5, 0 = i + 4. What are the prime factors of b?
2
Suppose 3*h + 0*h = -15. What are the prime factors of 9 + (-3 - -1 - h)?
2, 3
Let t(l) = -l - 1. Let x be t(-9). Let j = x - -16. List the prime factors of j.
2, 3
Let v(h) = h**2 - 4*h + 2. Let y be v(4). Suppose -7*g + y*g + 65 = 0. What are the prime factors of g?
13
Let i(u) = -u + 13. Let p be i(7). Let r = p + -2. List the prime factors of r.
2
Let h be (-2 - 2)/2 + -7. Let d = h + 15. What are the prime factors of d?
2, 3
Let l = 76 - 52. What are the prime factors of l?
2, 3
Suppose 3*d = p + 239, 4*p + p = 4*d - 315. What are the prime factors of d?
2, 5
Let f(z) = 7*z - 1. Let h = 3 - 1. List the prime factors of f(h).
13
Suppose 2*k + 2*a - 5*a - 80 = 0, -110 = -3*k + 2*a. List the prime factors of k.
2, 17
Suppose 11 = 2*c + 1. Suppose -c*o + 22 = -3*o. What are the prime factors of o?
11
Suppose -1 = -o + 8. List the prime factors of (5 - o)*(-3 + -1).
2
Let a be 0*2*2/8. Suppose a = 4*i - 11 - 25. What are the prime factors of i?
3
Let p = 25 + -19. What are the prime factors of p?
2, 3
Suppose 5*j - 84 = 16. Let u be 8/20 + (-36)/(-10). Suppose -j = -u*c - c. List the prime factors of c.
2
Let k be (-7)/(-4) - 1/(-4). Suppose 0 = k*p - p + 520. List the prime factors of (-2)/7 - p/56.
3
Let p(m) = 7*m**2 - 3*m + 2. What are the prime factors of p(-4)?
2, 3, 7
Let z(r) = 0*r - 3 + r**3 + 0*r**3 + 8*r + 0*r**3 - 6*r**2. What are the prime factors of z(5)?
2, 3
Suppose a - 20 = -4*a. Suppose -g = 3*l - 89 + 28, -2*l + 22 = -a*g. What are the prime factors of l?
19
Let z = -755 + 1083. What are the prime factors of z?
2, 41
Suppose 3*q - 9 = m, m = -5*q - 3*m - 2. Suppose -q*u + 2 = -4. List the prime factors of u.
3
Let f be (0 - (0 + 2)) + 1. What are the prime factors of -13*(f + 0) - 2?
11
Suppose 3 = 4*p - 7*p. Let o = 5 + p. Suppose -5*k - u + 51 = 0, 64 = o*k - 3*u - 2*u. What are the prime factors of k?
11
Let h(m) be the second derivative of -m**3/3 + 7*m**2/2 + 4*m. What are the prime factors of h(-5)?
17
Let x(k) = k**3 - 3*k**2 + 2. What are the prime factors of x(3)?
2
Suppose -3*n + 4*n - 3 = 0. Let j be (n - (3 - 3)) + 3. List the prime factors of (6/4)/(j/40).
2, 5
What are the prime factors of 14 - 4/8*-4?
2
Let u(g) = g + 2. Let k be u(0). Suppose 16 = -0*o + k*o. List the prime factors of o.
2
Let s = 61 - 36. List the prime factors of s.
5
Suppose -l - 5 - 3 = 0. Let m(f) = -2*f + 9. Let b be m(l). Suppose 7*g = 2*g + b. List the prime factors of g.
5
Suppose 0 = -5*x + s + 105 + 175, -3*x + 168 = -3*s. Let o = x - 23. List the prime factors of o.
3, 11
Suppose 0 = 2*w - 3*w + 4. Suppose 2*d + w = -8. List the prime factors of 27/d*(-3 + 1).
3
Suppose -9 = -5*w + 6. Suppose 2*f - 28 = -w*s, -2*s + 9 = f - 3*s. Let d = -7 + f. List the prime factors of d.
2
List the prime factors of (20/30)/(1/15).
2, 5
Suppose 10 = -3*b + 22. Suppose 0 = -b*q + 4, 95 = 3*d - 2*q - 26. List the prime factors of d.
41
Let l be 5 + 0 + (-1 - 2). Suppose -5*k + 5*y = -10, 5*y = l*k - k - 18. What are the prime factors of 3 - (0 - k) - -13?
2, 7
Suppose 0 = x + 5*x - 258. List the prime factors of x.
43
Let b be -21 - -1 - (2 - 2). Let s be 4/(-6) + ((-49)/21 - -4). What are the prime factors of b/8*s*-2?
5
Suppose 0 = -5*d + 5*o, o = -4*d - 0*d + 5. Suppose 2*a + 4*t = -8, -2*a + d = 5*t + 8. List the prime factors of a/4*32/(-12).
2
Let q = -227 + 328. What are the prime factors of q?
101
Let x be (-6)/(-2) - (-316)/(-4). Let n = 114 + x. Let s = 57 - n. What are the prime factors of s?
19
Suppose -r + 5 = n - 7, -2*n + 34 = -3*r. What are the prime factors of n?
2, 7
Let l(d) = 6*d**3 + d. Let b be l(1). Let o = b - -5. List the prime factors of o.
2, 3
Let q(x) = -x + 2. Let v(a) = -a**3 - 8*a**2 - 7*a - 10. Let b be v(-7). Let r = -15 - b. What are the prime factors of q(r)?
7
Suppose 3*w + 144 = 3*f, 2*f + 4*w - 66 = -0*w. What are the prime factors of f?
43
Let v(t) = 2*t - 12. What are the prime factors of v(15)?
2, 3
List the prime factors of 1 + ((-1)/(-4) - 9150/(-40)).
2, 5, 23
Let w be 40/8 - (2 + 0). Suppose 0 = -i - w*j + 2 + 25, 5*j = i - 35. List the prime factors of i.
2, 3, 5
Let z be -5*(-3)/(30/(-4)). Let b be z - (-7 - 0/1). Suppose 5*c - b = 4*c. What are the prime factors of c?
5
Let j(s) = s**2 - 7*s + 9. What are the prime factors of j(8)?
17
Suppose -7*f - 28 = -3*f. Let j(l) = -l**3 - 5*l**2 + 2. Let h be j(-4). Let c = f - h. List the prime factors of c.
7
Suppose 0 = -5*x + 15 + 10. Suppose x*l - 39 = -3*m - 10, m = 3. Suppose 5*s + 30 - 2 = j, 0 = -l*s - 20. What are the prime factors of j?
3
Let p(o) = -2*o + o + 25*o**3 + 2 - 22*o**3. What are the prime factors of p(1)?
2
List the prime factors of -1*(-1 + (6 - 3))*-22.
2, 11
Suppose 0 = -4*m + j - 0 + 7, m - 4*j + 2 = 0. Let z be 9/m*(5 - 3). Suppose 0*t + t - z = 0. List the prime factors of t.
3
Let y = -117 + 185. List the prime factors of y.
2, 17
Let h(k) = k**3 + 7*k**2 + 6*k + 4. Let z be h(-6). What are the prime factors of 3 + 56/(16/z)?
17
Let r(o) = o**3 + 2. Let p be r(0). List the prime factors of (8 + p)*(-7)/(-2).
5, 7
Let k(o) = -o - 17*o - 5*o**2 + 4*o**2 - 11. List the prime factors of k(-17).
2, 3
Suppose 204 = 6*k - 2*k. List the prime factors of k.
3, 17
Suppose -5*n + 161 = 4*p - 7*p, -n - 3*p = -43. List the prime factors of n.
2, 17
Suppose 0 = 5*t - 3*t + 4. List the prime factors of (-36)/(-27) - t/3.
2
Let w = 389 - 198. List the prime factors of w.
191
Suppose -7*k + 467 + 464 = 0. What are the prime factors of k?
7, 19
Let m be (18/15)/(6/140). Suppose -g = g - m. Suppose 4*c = 4*s - 20, 3*c = -s + 7 + g. What are the prime factors of s?
3
What are the prime factors of (-96)/(-12) - (1 + 0)?
7
Let a be 2 + 15 + (0 - -2). Suppose a = 4*u + 7. Suppose -u*w + 8*l - 4*l = -44, 5*w - 4*l - 60 = 0. What are the prime factors of w?
2
Let c(x) = -x**2 + 8*x - 12. Let a be c(5). Suppose a*i - 40 = 20. List the prime factors of i.
2, 5
Let c(a) = -5*a - 118. What are the prime factors of c(-29)?
3
Let u(a) = -48*a - 8. What are the prime factors of u(-6)?
2, 5, 7
Let k be (-4)/(-2) + 14/2. Let x = k + -7. Suppose -3*a + 40 = -x*d - 16, 5 = -5*d. What are the prime factors of a?
2, 3
Let p(j) = 4*j**3 - j**2 + 1. Let x be p(1). Suppose 2*f = x*f. List the prime factors of 48/3 + 2 + f.
2, 3
Suppose -858 - 1051 = -5*k + 3*i, -2*i + 1153 = 3*k. List the prime factors of k.
383
Let p(v) = v**2 + 0*v + v**2 + 0*v**2 - 2*v + 4 + v**3. Let z be p(-3). List the prime factors of (z*-8)/(0 - 2).
2
Let g = -41 - -99. What are the prime factors of g?
2, 29
Suppose 11*r - 642 = 5*r. What are the prime factors of r?
107
Let z = -4 - -5. Let o be (36/(-6))/(-2*z). Suppose -3*b - 4*n = -45, 2*n - 50 = -b - o*b. What are the prime factors of b?
11
Suppose 2*w - 187 = -33. List the prime factors of w.
7, 11
Let k(c) = 29*c - 107. List the prime factors of k(12).
241
Suppose 0 = -a - 3*a + 32. Suppose 3*k - a = k. Suppose d = -5*n + 59 + 14, 4*n = -k*d + 52. What are the prime factors of n?
3, 5
Let w be 7/(7/2) + -93. Let i = 135 + w. List the prime factors of i.
2, 11
Let o(y) be the third derivative of -y**4/24 + y**3/2 + 4*y**2. What are the prime factors of o(-4)?
7
Suppose 140 = 45*m - 40*m. List the prime factors of m.
2, 7
Suppose a + 191 = 5*x + 4*a, -x + 3*a = -49. What are the prime factors of x?
2, 5
Let v be 169/(-13) - (-3 - 0). Let f = v - -34. List the prime factors of f.
2, 3
List the prime factors of 8/(-36) + 580/18.
2
Suppose 2*t = -3*f + 66, 5*t = 9 + 6. Suppose 2*k - 3*k = -f. Suppose o + o - k = 0. What are the prime factors of o?
2, 5
Let p(c) = -c**2 - 6*c + 1. What are the prime factors of p(-5)?
2, 3
Let r(u) = -36*u**3 + 2*u